base 10
-76929
What is 20241443 (base 6) in base 2?
10001101110110000011
-101101111110110010111010 (base 2) to base 3
-211200101112222
What is -247194 (base 10) in base 9?
-416070
What is 1435411045 (base 6) in base 11?
a117a59
What is 444046 (base 7) in base 14?
20726
What is 1111110241 (base 5) in base 13?
67628c
Convert -40234a6 (base 11) to base 7.
-114343236
Convert 399a39 (base 11) to base 10.
628153
What is 31004513 (base 6) in base 12?
369739
What is -270464 (base 8) in base 2?
-10111000100110100
What is 117136 (base 12) in base 6?
10012510
Convert -1110446 (base 7) to base 3.
-20222001022
Convert 6949086 (base 10) to base 16.
6a08de
-1892550 (base 10) to base 14
-3739c2
What is 3259593 (base 11) in base 5?
2431111201
Convert -11001000212 (base 3) to base 8.
-233174
What is 43013103 (base 5) in base 16?
57fd3
Convert -1012031200121 (base 4) to base 8.
-106154031
Convert -2421501 (base 6) to base 3.
-20110202201
-24413333 (base 5) to base 14
-6095d
1134025 (base 8) to base 7
2425442
243011511 (base 7) to base 14
2031d78
Convert -101100001001111101001 (base 2) to base 9.
-2644674
Convert 1121211111210 (base 3) to base 10.
862779
What is -1013131302 (base 4) in base 3?
-112212112120
2c3d1 (base 16) to base 7
1353166
-61884 (base 10) to base 6
-1154300
What is -41442 (base 9) in base 5?
-1333320
186089 (base 14) to base 15
1204e2
-587032 (base 10) to base 8
-2172430
-a6382 (base 12) to base 3
-102002101122
Convert 16000306 (base 8) to base 11.
2087539
Convert 118891a (base 11) to base 8.
7672272
What is 5345107 (base 8) in base 6?
50335143
Convert -1100010110100000 (base 2) to base 8.
-142640
Convert 14803178 (base 10) to base 8.
70360352
-1a032 (base 14) to base 5
-4102100
-1111101000011000 (base 2) to base 8
-175030
240623 (base 9) to base 7
1142205
Convert 321337 (base 8) to base 4.
122023133
-1010001110100100100001 (base 2) to base 9
-5035723
Convert 1070848 (base 9) to base 4.
2031020030
What is -21442003 (base 5) in base 11?
-118657
What is -774436 (base 11) in base 2?
-100101101101011101011
Convert -110101000011000100111001 (base 2) to base 13.
-2b5b853
1021111012 (base 3) to base 5
1301032
What is 10662346 (base 8) in base 5?
1043211330
What is 14982 (base 11) in base 15?
63e9
233307 (base 11) to base 3
200211002002
Convert 65dff (base 16) to base 3.
210012101210
Convert 11011011110100010 (base 2) to base 11.
77615
a6967a (base 14) to base 15
76482b
-1321013302 (base 4) to base 10
-496114
-16050203 (base 7) to base 14
-2c1b03
d990a0 (base 14) to base 2
11100000101011011110100
-110010001011101111110 (base 2) to base 11
-a23522
What is 34400521 (base 6) in base 9?
1881834
105801 (base 13) to base 12
166013
Convert -21bc (base 16) to base 10.
-8636
Convert 15cd8 (base 16) to base 8.
256330
Convert -168071 (base 9) to base 14.
-2a02b
642387 (base 10) to base 11
3a96a9
What is -10242130 (base 5) in base 12?
-42539
Convert -2212231313 (base 4) to base 6.
-22345235
33102032100 (base 4) to base 7
46025430
5418c (base 14) to base 11
129888
-177312 (base 8) to base 3
-10022110210
Convert -1010110101100100000011 (base 2) to base 11.
-16703a8
322133301011 (base 4) to base 9
31761838
What is -111826 (base 10) in base 7?
-644011
Convert -11186177 (base 10) to base 13.
-2418752
Convert -b67c (base 13) to base 12.
-12770
What is -100111110101000100 (base 2) in base 8?
-476504
Convert 9b366 (base 12) to base 16.
3253e
289137 (base 12) to base 3
1021111210221
-886409 (base 11) to base 8
-5311577
Convert 1773ba (base 12) to base 13.
113131
Convert a785 (base 15) to base 14.
ccc2
Convert -5113451 (base 6) to base 10.
-243175
What is -554841 (base 10) in base 7?
-4500420
-24241320 (base 6) to base 16
-bb650
Convert 20210635 (base 9) to base 3.
200020100201012
What is -20012111102021 (base 3) in base 5?
-1320444332
Convert 1cac63b (base 13) to base 15.
c9810d
What is -10012201111010 (base 3) in base 14?
-3260c7
What is -42667 (base 15) in base 16?
-33709
What is 11213132221 (base 4) in base 15?
1e141a
3111442 (base 6) to base 8
443662
What is -73eeb6 (base 15) in base 4?
-111003023313
Convert -1dac15 (base 14) to base 8.
-4044043
-1132030221 (base 4) to base 9
-647233
What is -3341132342 (base 5) in base 13?
-16ab231
What is -93392 (base 12) in base 13?
-69722
-101011001011011011 (base 2) to base 6
-3442443
What is 2857202 (base 10) in base 16?
2b98f2
Convert -62506 (base 10) to base 13.
-225b2
Convert 255b47 (base 12) to base 10.
611623
-1738220 (base 10) to base 15
-245065
Convert -110525 (base 12) to base 7.
-2204045
What is -1200111012222 (base 3) in base 9?
-1614188
Convert 12120022201 (base 3) to base 11.
75373
Convert -110110001000110110001 (base 2) to base 11.
-1001919
What is 101111001110110 (base 2) in base 7?
130334
Convert 141013014 (base 5) to base 15.
e33de
Convert -667a8 (base 11) to base 10.
-96797
Convert 195dbd (base 15) to base 5.
304004403
What is 182371 (base 11) in base 3?
112021211212
What is -1146302 (base 8) in base 12?
-132056
What is -33211020302 (base 4) in base 15?
-55a24e
Convert -247a10 (base 15) to base 12.
-7030b0
Convert -201020010 (base 4) to base 7.
-1103403
What is ed3 (base 15) in base 7?
12522
176ac6 (base 13) to base 16
8f20e
1010011100110100101001 (base 2) to base 8
12346451
Convert -20002154 (base 6) to base 3.
-1001110200121
2892769 (base 12) to base 7
126206664
26714 (base 15) to base 3
20020212001
-22121211100012 (base 3) to base 7
-53644523
What is 754908 (base 11) in base 2?
100100110101011000111
What is -102212111201010 (base 3) in base 9?
-12774633
Convert 1100011100010110101110 (base 2) to base 9.
6121400
Convert -30121102022 (base 4) to base 2.
-1100011001010010001010
What is -25330 (base 9) in base 6?
-210513
What is -34055532 (base 6) in base 10?
-1034192
1150091 (base 10) to base 4
10120302023
-68746 (base 15) to base 6
-11042503
Convert 141203402 (base 5) to base 6.
23314405
What is -380677 (base 9) in base 3?
-102200202121
2576352 (base 10) to base 8
11647740
Convert 12100222111100 (base 3) to base 14.
543d74
What is -5eed (base 16) in base 14?
-8bdb
Convert -2132256 (base 7) to base 13.
-91533
-500560 (base 11) to base 3
-1111221112010
-3522a (base 15) to base 4
-221110120
Convert -1117053 (base 13) to base 3.
-100212022211020
What is 5116406 (base 7) in base 14?
11c2ad
Convert -939c (base 16) to base 5.
-2202123
What is -4043142 (base 5) in base 7?
-361510
Convert 2c69 (base 15) to base 11.
71a1
Convert 201010021120211 (base 3) to base 8.
46607446
Convert 22d092 (base 14) to base 2.
100100010000110111000
What is -19451 (base 14) in base 9?
-106664
What is -21131203 (base 6) in base 15?
-c33c3
What is -48ccd (base 16) in base 3?
-120011001001
-14366a (base 12) to base 13
-baa5a
-35717 (base 13) to base 14
-2794b
What is -24112343 (base 5) in base 9?
-368618
Convert -1468205 (base 12) to base 15.
-565a65
4d65d (base 14) to base 3
100200110002
Convert -2566c6 (base 16) to base 15.
-3363e7
What is 111211022011 (base 3) in base 10?
272137
-8979a (base 12) to base 14
-4a766
What is -14004522 (base 6) in base 8?
-1621242
Convert 39a09 (base 11) to base 9.
86317
What is -61d92 (base 14) in base 16?
-3998c
2b1b8b (base 12) to base 4
2302001123
Convert 51600515 (base 7) to base 15.
5a9d28
Convert 89add2 (base 15) to base 2.
11001000011011001001001
Convert -21021 (base 4) to base 10.
-585
Convert -2542263 (base 8) to base 4.
-2230102303
Convert 110211000000 (base 3) to base 7.
2100243
Convert 8771 (base 10) to base 6.
104335
1010110011111101 (base 2) to base 10
44285
-1354a9 (base 11) to base 7
-1542516
-1335638 (base 12) to base 7
-44223032
What is -23331210 (base 4) in base 7?
-262563
What is 1001100101000001011000 (base 2) in base 13?
69bb7c
1201100122010 (base 3) to base 6
31320133
What is 11011110110101011 (base 2) in base 16?
1bdab
-255311443 (base 6) to base 13
-1068879
-110101000110011011 (base 2) to base 16
-3519b
Convert 18035532 (base 10) to base 3.
1020221022002200
What is -1752646 (base 8) in base 6?
-15001022
What is -25602560 (base 7) in base 2?
-1000111010100101111010
Convert -22015353 (base 6) to base 11.
-408702
What is -12430412 (base 5) in base 12?
-5b815
Convert 18658 (base 10) to base 11.
13022
What is 1e99d (base 16) in base 15?
27211
Convert 1342033342 (base 5) to base 4.
310331